{"id":940,"date":"2026-03-17T12:13:34","date_gmt":"2026-03-17T10:13:34","guid":{"rendered":"https:\/\/auctions.bib.eu\/?post_type=product&#038;p=940"},"modified":"2026-03-17T12:13:43","modified_gmt":"2026-03-17T10:13:43","slug":"dusas-galva","status":"publish","type":"product","link":"https:\/\/auctions.bib.eu\/index.php\/product\/dusas-galva\/","title":{"rendered":"Du\u0161as galva"},"content":{"rendered":"<p>ZUCCHETTI<\/p>\n<p>\u00d8 200 mm misi\u0146a du\u0161as galva ar pretka\u013c\u0137o\u0161an\u0101s sist\u0113mu. Biezums 8 mm. P\u0101rbaud\u0101ma. \u016adens taup\u012b\u0161ana \u2014 \u016bdens pl\u016bsmas \u0101trums 9 l\/min vai maz\u0101ks.<\/p>\n<p class=\"heading typo--4\" translate=\"no\">W1 Embossed Matt White<\/p>\n","protected":false},"excerpt":{"rendered":"<p>ZUCCHETTI \u00d8 200 mm misi\u0146a du\u0161as galva ar pretka\u013c\u0137o\u0161an\u0101s sist\u0113mu. Biezums 8 mm. P\u0101rbaud\u0101ma. \u016adens taup\u012b\u0161ana \u2014 \u016bdens pl\u016bsmas \u0101trums 9 l\/min vai maz\u0101ks. W1 Embossed Matt White<\/p>\n","protected":false},"featured_media":941,"template":"","meta":{"wp_popup_display_lightbox":0,"wp_popup_suppress":"","wp_popup_trigger":"","wp_popup_trigger_amount":0,"wp_popup_disable_on_mobile":false},"product_brand":[],"product_cat":[47],"product_tag":[],"class_list":{"0":"post-940","1":"product","2":"type-product","3":"status-publish","4":"has-post-thumbnail","6":"product_cat-santehnika","8":"first","9":"instock","10":"shipping-taxable","11":"purchasable","12":"product-type-simple"},"_links":{"self":[{"href":"https:\/\/auctions.bib.eu\/index.php\/wp-json\/wp\/v2\/product\/940","targetHints":{"allow":["GET"]}}],"collection":[{"href":"https:\/\/auctions.bib.eu\/index.php\/wp-json\/wp\/v2\/product"}],"about":[{"href":"https:\/\/auctions.bib.eu\/index.php\/wp-json\/wp\/v2\/types\/product"}],"wp:featuredmedia":[{"embeddable":true,"href":"https:\/\/auctions.bib.eu\/index.php\/wp-json\/wp\/v2\/media\/941"}],"wp:attachment":[{"href":"https:\/\/auctions.bib.eu\/index.php\/wp-json\/wp\/v2\/media?parent=940"}],"wp:term":[{"taxonomy":"product_brand","embeddable":true,"href":"https:\/\/auctions.bib.eu\/index.php\/wp-json\/wp\/v2\/product_brand?post=940"},{"taxonomy":"product_cat","embeddable":true,"href":"https:\/\/auctions.bib.eu\/index.php\/wp-json\/wp\/v2\/product_cat?post=940"},{"taxonomy":"product_tag","embeddable":true,"href":"https:\/\/auctions.bib.eu\/index.php\/wp-json\/wp\/v2\/product_tag?post=940"}],"curies":[{"name":"wp","href":"https:\/\/api.w.org\/{rel}","templated":true}]}}