{"id":931,"date":"2026-03-17T11:46:15","date_gmt":"2026-03-17T09:46:15","guid":{"rendered":"https:\/\/auctions.bib.eu\/?post_type=product&#038;p=931"},"modified":"2026-03-17T11:46:16","modified_gmt":"2026-03-17T09:46:16","slug":"papira-dvielu-turetajs","status":"publish","type":"product","link":"https:\/\/auctions.bib.eu\/index.php\/product\/papira-dvielu-turetajs\/","title":{"rendered":"Pap\u012bra dvie\u013cu tur\u0113t\u0101js"},"content":{"rendered":"<p>DECOR WALTHER<\/p>\n<p>STONE SPTB, balts, mat\u0113ts, 16 x 27 x 13cm<\/p>\n","protected":false},"excerpt":{"rendered":"<p>DECOR WALTHER STONE SPTB, balts, mat\u0113ts, 16 x 27 x 13cm<\/p>\n","protected":false},"featured_media":933,"template":"","meta":{"wp_popup_display_lightbox":0,"wp_popup_suppress":"","wp_popup_trigger":"","wp_popup_trigger_amount":0,"wp_popup_disable_on_mobile":false},"product_brand":[],"product_cat":[47],"product_tag":[],"class_list":{"0":"post-931","1":"product","2":"type-product","3":"status-publish","4":"has-post-thumbnail","6":"product_cat-santehnika","8":"first","9":"instock","10":"shipping-taxable","11":"purchasable","12":"product-type-simple"},"_links":{"self":[{"href":"https:\/\/auctions.bib.eu\/index.php\/wp-json\/wp\/v2\/product\/931","targetHints":{"allow":["GET"]}}],"collection":[{"href":"https:\/\/auctions.bib.eu\/index.php\/wp-json\/wp\/v2\/product"}],"about":[{"href":"https:\/\/auctions.bib.eu\/index.php\/wp-json\/wp\/v2\/types\/product"}],"wp:featuredmedia":[{"embeddable":true,"href":"https:\/\/auctions.bib.eu\/index.php\/wp-json\/wp\/v2\/media\/933"}],"wp:attachment":[{"href":"https:\/\/auctions.bib.eu\/index.php\/wp-json\/wp\/v2\/media?parent=931"}],"wp:term":[{"taxonomy":"product_brand","embeddable":true,"href":"https:\/\/auctions.bib.eu\/index.php\/wp-json\/wp\/v2\/product_brand?post=931"},{"taxonomy":"product_cat","embeddable":true,"href":"https:\/\/auctions.bib.eu\/index.php\/wp-json\/wp\/v2\/product_cat?post=931"},{"taxonomy":"product_tag","embeddable":true,"href":"https:\/\/auctions.bib.eu\/index.php\/wp-json\/wp\/v2\/product_tag?post=931"}],"curies":[{"name":"wp","href":"https:\/\/api.w.org\/{rel}","templated":true}]}}