{"id":763,"date":"2026-03-06T11:36:34","date_gmt":"2026-03-06T09:36:34","guid":{"rendered":"https:\/\/auctions.bib.eu\/?post_type=product&#038;p=763"},"modified":"2026-03-17T10:02:31","modified_gmt":"2026-03-17T08:02:31","slug":"seifs_42","status":"publish","type":"product","link":"https:\/\/auctions.bib.eu\/index.php\/product\/seifs_42\/","title":{"rendered":"Seifs_42"},"content":{"rendered":"<p>100X63X53<\/p>\n<p>nav atsl\u0113gas<\/p>\n<p>papildus koda atsl\u0113ga, kods nav zin\u0101ms<\/p>\n","protected":false},"excerpt":{"rendered":"<p>100X63X53 nav atsl\u0113gas papildus koda atsl\u0113ga, kods nav zin\u0101ms<\/p>\n","protected":false},"featured_media":764,"template":"","meta":{"wp_popup_display_lightbox":0,"wp_popup_suppress":"","wp_popup_trigger":"","wp_popup_trigger_amount":0,"wp_popup_disable_on_mobile":false},"product_brand":[],"product_cat":[45],"product_tag":[],"class_list":{"0":"post-763","1":"product","2":"type-product","3":"status-publish","4":"has-post-thumbnail","6":"product_cat-seifi","8":"first","9":"instock","10":"shipping-taxable","11":"purchasable","12":"product-type-simple"},"_links":{"self":[{"href":"https:\/\/auctions.bib.eu\/index.php\/wp-json\/wp\/v2\/product\/763","targetHints":{"allow":["GET"]}}],"collection":[{"href":"https:\/\/auctions.bib.eu\/index.php\/wp-json\/wp\/v2\/product"}],"about":[{"href":"https:\/\/auctions.bib.eu\/index.php\/wp-json\/wp\/v2\/types\/product"}],"wp:featuredmedia":[{"embeddable":true,"href":"https:\/\/auctions.bib.eu\/index.php\/wp-json\/wp\/v2\/media\/764"}],"wp:attachment":[{"href":"https:\/\/auctions.bib.eu\/index.php\/wp-json\/wp\/v2\/media?parent=763"}],"wp:term":[{"taxonomy":"product_brand","embeddable":true,"href":"https:\/\/auctions.bib.eu\/index.php\/wp-json\/wp\/v2\/product_brand?post=763"},{"taxonomy":"product_cat","embeddable":true,"href":"https:\/\/auctions.bib.eu\/index.php\/wp-json\/wp\/v2\/product_cat?post=763"},{"taxonomy":"product_tag","embeddable":true,"href":"https:\/\/auctions.bib.eu\/index.php\/wp-json\/wp\/v2\/product_tag?post=763"}],"curies":[{"name":"wp","href":"https:\/\/api.w.org\/{rel}","templated":true}]}}