{"id":623,"date":"2026-02-24T12:56:45","date_gmt":"2026-02-24T10:56:45","guid":{"rendered":"https:\/\/auctions.bib.eu\/?post_type=product&#038;p=623"},"modified":"2026-04-08T15:47:48","modified_gmt":"2026-04-08T13:47:48","slug":"drebju-pakaramais-2","status":"publish","type":"product","link":"https:\/\/auctions.bib.eu\/index.php\/product\/drebju-pakaramais-2\/","title":{"rendered":"Dr\u0113bju pakaramais"},"content":{"rendered":"<p>Met\u0101la dr\u0113bju pakaramais ar main\u0101mo stangas garumu, 145x54x166 cm<\/p>\n","protected":false},"excerpt":{"rendered":"<p>Met\u0101la dr\u0113bju pakaramais ar main\u0101mo stangas garumu, 145x54x166 cm<\/p>\n","protected":false},"featured_media":624,"template":"","meta":{"wp_popup_display_lightbox":0,"wp_popup_suppress":"","wp_popup_trigger":"","wp_popup_trigger_amount":0,"wp_popup_disable_on_mobile":false},"product_brand":[],"product_cat":[40],"product_tag":[],"class_list":{"0":"post-623","1":"product","2":"type-product","3":"status-publish","4":"has-post-thumbnail","6":"product_cat-dazadi","8":"first","9":"instock","10":"shipping-taxable","11":"purchasable","12":"product-type-simple"},"_links":{"self":[{"href":"https:\/\/auctions.bib.eu\/index.php\/wp-json\/wp\/v2\/product\/623","targetHints":{"allow":["GET"]}}],"collection":[{"href":"https:\/\/auctions.bib.eu\/index.php\/wp-json\/wp\/v2\/product"}],"about":[{"href":"https:\/\/auctions.bib.eu\/index.php\/wp-json\/wp\/v2\/types\/product"}],"wp:featuredmedia":[{"embeddable":true,"href":"https:\/\/auctions.bib.eu\/index.php\/wp-json\/wp\/v2\/media\/624"}],"wp:attachment":[{"href":"https:\/\/auctions.bib.eu\/index.php\/wp-json\/wp\/v2\/media?parent=623"}],"wp:term":[{"taxonomy":"product_brand","embeddable":true,"href":"https:\/\/auctions.bib.eu\/index.php\/wp-json\/wp\/v2\/product_brand?post=623"},{"taxonomy":"product_cat","embeddable":true,"href":"https:\/\/auctions.bib.eu\/index.php\/wp-json\/wp\/v2\/product_cat?post=623"},{"taxonomy":"product_tag","embeddable":true,"href":"https:\/\/auctions.bib.eu\/index.php\/wp-json\/wp\/v2\/product_tag?post=623"}],"curies":[{"name":"wp","href":"https:\/\/api.w.org\/{rel}","templated":true}]}}