{"id":567,"date":"2026-02-24T10:16:23","date_gmt":"2026-02-24T08:16:23","guid":{"rendered":"https:\/\/auctions.bib.eu\/?post_type=product&#038;p=567"},"modified":"2026-03-04T14:12:26","modified_gmt":"2026-03-04T12:12:26","slug":"servesanas-ratini","status":"publish","type":"product","link":"https:\/\/auctions.bib.eu\/index.php\/product\/servesanas-ratini\/","title":{"rendered":"Serv\u0113\u0161anas rati\u0146i"},"content":{"rendered":"<p>Koka serv\u0113\u0161anas rati\u0146i ar plauktiem, 90x50x82 cm<\/p>\n","protected":false},"excerpt":{"rendered":"<p>Koka serv\u0113\u0161anas rati\u0146i ar plauktiem, 90x50x82 cm<\/p>\n","protected":false},"featured_media":568,"template":"","meta":{"wp_popup_display_lightbox":0,"wp_popup_suppress":"","wp_popup_trigger":"","wp_popup_trigger_amount":0,"wp_popup_disable_on_mobile":false},"product_brand":[],"product_cat":[40],"product_tag":[],"class_list":{"0":"post-567","1":"product","2":"type-product","3":"status-publish","4":"has-post-thumbnail","6":"product_cat-dazadi","8":"first","9":"instock","10":"shipping-taxable","11":"purchasable","12":"product-type-simple"},"_links":{"self":[{"href":"https:\/\/auctions.bib.eu\/index.php\/wp-json\/wp\/v2\/product\/567","targetHints":{"allow":["GET"]}}],"collection":[{"href":"https:\/\/auctions.bib.eu\/index.php\/wp-json\/wp\/v2\/product"}],"about":[{"href":"https:\/\/auctions.bib.eu\/index.php\/wp-json\/wp\/v2\/types\/product"}],"wp:featuredmedia":[{"embeddable":true,"href":"https:\/\/auctions.bib.eu\/index.php\/wp-json\/wp\/v2\/media\/568"}],"wp:attachment":[{"href":"https:\/\/auctions.bib.eu\/index.php\/wp-json\/wp\/v2\/media?parent=567"}],"wp:term":[{"taxonomy":"product_brand","embeddable":true,"href":"https:\/\/auctions.bib.eu\/index.php\/wp-json\/wp\/v2\/product_brand?post=567"},{"taxonomy":"product_cat","embeddable":true,"href":"https:\/\/auctions.bib.eu\/index.php\/wp-json\/wp\/v2\/product_cat?post=567"},{"taxonomy":"product_tag","embeddable":true,"href":"https:\/\/auctions.bib.eu\/index.php\/wp-json\/wp\/v2\/product_tag?post=567"}],"curies":[{"name":"wp","href":"https:\/\/api.w.org\/{rel}","templated":true}]}}