{"id":400,"date":"2026-02-20T13:14:42","date_gmt":"2026-02-20T11:14:42","guid":{"rendered":"https:\/\/auctions.bib.eu\/?post_type=product&#038;p=400"},"modified":"2026-03-04T14:14:51","modified_gmt":"2026-03-04T12:14:51","slug":"rakstamgalds","status":"publish","type":"product","link":"https:\/\/auctions.bib.eu\/index.php\/product\/rakstamgalds\/","title":{"rendered":"Rakst\u0101mgalds"},"content":{"rendered":"<p>Tum\u0161a koka rakst\u0101mgalds ar atvilktn\u0113m un skap\u012bti, 145x78x80 cm<\/p>\n","protected":false},"excerpt":{"rendered":"<p>Tum\u0161a koka rakst\u0101mgalds ar atvilktn\u0113m un skap\u012bti, 145x78x80 cm<\/p>\n","protected":false},"featured_media":402,"template":"","meta":{"wp_popup_display_lightbox":0,"wp_popup_suppress":"","wp_popup_trigger":"","wp_popup_trigger_amount":0,"wp_popup_disable_on_mobile":false},"product_brand":[],"product_cat":[31],"product_tag":[],"class_list":{"0":"post-400","1":"product","2":"type-product","3":"status-publish","4":"has-post-thumbnail","6":"product_cat-galdi","8":"first","9":"instock","10":"shipping-taxable","11":"purchasable","12":"product-type-simple"},"_links":{"self":[{"href":"https:\/\/auctions.bib.eu\/index.php\/wp-json\/wp\/v2\/product\/400","targetHints":{"allow":["GET"]}}],"collection":[{"href":"https:\/\/auctions.bib.eu\/index.php\/wp-json\/wp\/v2\/product"}],"about":[{"href":"https:\/\/auctions.bib.eu\/index.php\/wp-json\/wp\/v2\/types\/product"}],"wp:featuredmedia":[{"embeddable":true,"href":"https:\/\/auctions.bib.eu\/index.php\/wp-json\/wp\/v2\/media\/402"}],"wp:attachment":[{"href":"https:\/\/auctions.bib.eu\/index.php\/wp-json\/wp\/v2\/media?parent=400"}],"wp:term":[{"taxonomy":"product_brand","embeddable":true,"href":"https:\/\/auctions.bib.eu\/index.php\/wp-json\/wp\/v2\/product_brand?post=400"},{"taxonomy":"product_cat","embeddable":true,"href":"https:\/\/auctions.bib.eu\/index.php\/wp-json\/wp\/v2\/product_cat?post=400"},{"taxonomy":"product_tag","embeddable":true,"href":"https:\/\/auctions.bib.eu\/index.php\/wp-json\/wp\/v2\/product_tag?post=400"}],"curies":[{"name":"wp","href":"https:\/\/api.w.org\/{rel}","templated":true}]}}