{"id":312,"date":"2026-02-18T13:00:53","date_gmt":"2026-02-18T11:00:53","guid":{"rendered":"https:\/\/auctions.bib.eu\/?post_type=product&#038;p=312"},"modified":"2026-04-16T15:05:24","modified_gmt":"2026-04-16T13:05:24","slug":"gerboni","status":"publish","type":"product","link":"https:\/\/auctions.bib.eu\/index.php\/product\/gerboni\/","title":{"rendered":"Dzimtu \u0123erbo\u0146i m\u016bsdienu Latvij\u0101 2000-2020"},"content":{"rendered":"<p>\u201cDzimtu \u0123erbo\u0146i m\u016bsdienu Latvij\u0101\u201d (2020) ir unik\u0101ls, kult\u016brv\u0113sturisks izdevums par Latvijas dzimtu identit\u0101tes z\u012bm\u0113m \u2013 \u0123erbo\u0146iem. Divda\u013c\u012bgais izdevums v\u0113sta par dzimtu \u0123erbo\u0146u v\u0113sturi Latvijas teritorij\u0101 no sen\u0101kiem laikiem l\u012bdz m\u016bsdien\u0101m.<\/p>\n<div class=\"eltdf-section-title-holder eltdf-st-standard eltdf-st-title-left eltdf-st-normal-space \">\n<div class=\"eltdf-st-inner\">\n<h4 class=\"eltdf-st-title\">Pirm\u0101 gr\u0101mata &#8211; \u201cDzimtu \u0123erbo\u0146i\u201d<\/h4>\n<p class=\"eltdf-st-text\">Teor\u0113tiski zin\u0101tnisks izdevums, kur\u0101 pirmo reizi Latvijas heraldikas v\u0113stur\u0113 apkopoti 97 dzimtu un 7 reli\u0123isko personu \u0123erbo\u0146u apraksti un att\u0113li. Gr\u0101mat\u0101 iek\u013cauta ar\u012b heraldikas terminu v\u0101rdn\u012bca.<\/p>\n<\/div>\n<\/div>\n<div class=\"eltdf-section-title-holder eltdf-st-standard eltdf-st-title-left eltdf-st-normal-space \">\n<div class=\"eltdf-st-inner\">\n<h4 class=\"eltdf-st-title\">Otr\u0101 gr\u0101mata &#8211; \u201cDzimta un \u0123erbonis\u201d<\/h4>\n<p class=\"eltdf-st-text\">Gr\u0101mat\u0101 iek\u013cauti 60 dzimtu st\u0101sti, kas atkl\u0101j \u0123erbo\u0146u veido\u0161anas iemeslus, emocion\u0101lo noz\u012bm\u012bbu un praktisko pielietojumu.<\/p>\n<\/div>\n<\/div>\n","protected":false},"excerpt":{"rendered":"<p>\u201cDzimtu \u0123erbo\u0146i m\u016bsdienu Latvij\u0101\u201d (2020) ir unik\u0101ls, kult\u016brv\u0113sturisks izdevums par Latvijas dzimtu identit\u0101tes z\u012bm\u0113m \u2013 \u0123erbo\u0146iem. Divda\u013c\u012bgais izdevums v\u0113sta par dzimtu \u0123erbo\u0146u v\u0113sturi Latvijas teritorij\u0101 no sen\u0101kiem laikiem l\u012bdz m\u016bsdien\u0101m. Pirm\u0101 gr\u0101mata &#8211; \u201cDzimtu \u0123erbo\u0146i\u201d Teor\u0113tiski zin\u0101tnisks izdevums, kur\u0101 pirmo reizi Latvijas heraldikas v\u0113stur\u0113 apkopoti 97 dzimtu un 7 reli\u0123isko personu \u0123erbo\u0146u apraksti un att\u0113li. [&hellip;]<\/p>\n","protected":false},"featured_media":313,"template":"","meta":{"wp_popup_display_lightbox":0,"wp_popup_suppress":"","wp_popup_trigger":"","wp_popup_trigger_amount":0,"wp_popup_disable_on_mobile":false},"product_brand":[],"product_cat":[33],"product_tag":[],"class_list":{"0":"post-312","1":"product","2":"type-product","3":"status-publish","4":"has-post-thumbnail","6":"product_cat-gramatas","8":"first","9":"instock","10":"shipping-taxable","11":"purchasable","12":"product-type-simple"},"_links":{"self":[{"href":"https:\/\/auctions.bib.eu\/index.php\/wp-json\/wp\/v2\/product\/312","targetHints":{"allow":["GET"]}}],"collection":[{"href":"https:\/\/auctions.bib.eu\/index.php\/wp-json\/wp\/v2\/product"}],"about":[{"href":"https:\/\/auctions.bib.eu\/index.php\/wp-json\/wp\/v2\/types\/product"}],"wp:featuredmedia":[{"embeddable":true,"href":"https:\/\/auctions.bib.eu\/index.php\/wp-json\/wp\/v2\/media\/313"}],"wp:attachment":[{"href":"https:\/\/auctions.bib.eu\/index.php\/wp-json\/wp\/v2\/media?parent=312"}],"wp:term":[{"taxonomy":"product_brand","embeddable":true,"href":"https:\/\/auctions.bib.eu\/index.php\/wp-json\/wp\/v2\/product_brand?post=312"},{"taxonomy":"product_cat","embeddable":true,"href":"https:\/\/auctions.bib.eu\/index.php\/wp-json\/wp\/v2\/product_cat?post=312"},{"taxonomy":"product_tag","embeddable":true,"href":"https:\/\/auctions.bib.eu\/index.php\/wp-json\/wp\/v2\/product_tag?post=312"}],"curies":[{"name":"wp","href":"https:\/\/api.w.org\/{rel}","templated":true}]}}