{"id":1087,"date":"2026-03-23T10:08:22","date_gmt":"2026-03-23T08:08:22","guid":{"rendered":"https:\/\/auctions.bib.eu\/?post_type=product&#038;p=1087"},"modified":"2026-03-23T10:08:22","modified_gmt":"2026-03-23T08:08:22","slug":"izlietne","status":"publish","type":"product","link":"https:\/\/auctions.bib.eu\/index.php\/product\/izlietne\/","title":{"rendered":"Izlietne"},"content":{"rendered":"<p>CATALANO &#8211; Sfera<\/p>\n<p>65x48cm, balta, keramika, bez \u016bdens mais\u012bt\u0101ja un sifona<\/p>\n","protected":false},"excerpt":{"rendered":"<p>CATALANO &#8211; Sfera 65x48cm, balta, keramika, bez \u016bdens mais\u012bt\u0101ja un sifona<\/p>\n","protected":false},"featured_media":1088,"template":"","meta":{"wp_popup_display_lightbox":0,"wp_popup_suppress":"","wp_popup_trigger":"","wp_popup_trigger_amount":0,"wp_popup_disable_on_mobile":false},"product_brand":[],"product_cat":[47],"product_tag":[],"class_list":{"0":"post-1087","1":"product","2":"type-product","3":"status-publish","4":"has-post-thumbnail","6":"product_cat-santehnika","8":"first","9":"instock","10":"shipping-taxable","11":"purchasable","12":"product-type-simple"},"_links":{"self":[{"href":"https:\/\/auctions.bib.eu\/index.php\/wp-json\/wp\/v2\/product\/1087","targetHints":{"allow":["GET"]}}],"collection":[{"href":"https:\/\/auctions.bib.eu\/index.php\/wp-json\/wp\/v2\/product"}],"about":[{"href":"https:\/\/auctions.bib.eu\/index.php\/wp-json\/wp\/v2\/types\/product"}],"wp:featuredmedia":[{"embeddable":true,"href":"https:\/\/auctions.bib.eu\/index.php\/wp-json\/wp\/v2\/media\/1088"}],"wp:attachment":[{"href":"https:\/\/auctions.bib.eu\/index.php\/wp-json\/wp\/v2\/media?parent=1087"}],"wp:term":[{"taxonomy":"product_brand","embeddable":true,"href":"https:\/\/auctions.bib.eu\/index.php\/wp-json\/wp\/v2\/product_brand?post=1087"},{"taxonomy":"product_cat","embeddable":true,"href":"https:\/\/auctions.bib.eu\/index.php\/wp-json\/wp\/v2\/product_cat?post=1087"},{"taxonomy":"product_tag","embeddable":true,"href":"https:\/\/auctions.bib.eu\/index.php\/wp-json\/wp\/v2\/product_tag?post=1087"}],"curies":[{"name":"wp","href":"https:\/\/api.w.org\/{rel}","templated":true}]}}