{"id":1068,"date":"2026-03-19T14:16:25","date_gmt":"2026-03-19T12:16:25","guid":{"rendered":"https:\/\/auctions.bib.eu\/?post_type=product&#038;p=1068"},"modified":"2026-03-19T14:16:25","modified_gmt":"2026-03-19T12:16:25","slug":"poda-vaks","status":"publish","type":"product","link":"https:\/\/auctions.bib.eu\/index.php\/product\/poda-vaks\/","title":{"rendered":"Poda v\u0101ks"},"content":{"rendered":"<p>CATALANO &#8211; Sfera\/Zero, balts<\/p>\n<p>Pl\u0101ns, antibakteri\u0101ls, ar m\u012bkstu aizv\u0113r\u0161anu, no\u0146emams tualetes s\u0113deklis un v\u0101ks, 435x355mm<\/p>\n","protected":false},"excerpt":{"rendered":"<p>CATALANO &#8211; Sfera\/Zero, balts Pl\u0101ns, antibakteri\u0101ls, ar m\u012bkstu aizv\u0113r\u0161anu, no\u0146emams tualetes s\u0113deklis un v\u0101ks, 435x355mm<\/p>\n","protected":false},"featured_media":1069,"template":"","meta":{"wp_popup_display_lightbox":0,"wp_popup_suppress":"","wp_popup_trigger":"","wp_popup_trigger_amount":0,"wp_popup_disable_on_mobile":false},"product_brand":[],"product_cat":[47],"product_tag":[],"class_list":{"0":"post-1068","1":"product","2":"type-product","3":"status-publish","4":"has-post-thumbnail","6":"product_cat-santehnika","8":"first","9":"instock","10":"shipping-taxable","11":"purchasable","12":"product-type-simple"},"_links":{"self":[{"href":"https:\/\/auctions.bib.eu\/index.php\/wp-json\/wp\/v2\/product\/1068","targetHints":{"allow":["GET"]}}],"collection":[{"href":"https:\/\/auctions.bib.eu\/index.php\/wp-json\/wp\/v2\/product"}],"about":[{"href":"https:\/\/auctions.bib.eu\/index.php\/wp-json\/wp\/v2\/types\/product"}],"wp:featuredmedia":[{"embeddable":true,"href":"https:\/\/auctions.bib.eu\/index.php\/wp-json\/wp\/v2\/media\/1069"}],"wp:attachment":[{"href":"https:\/\/auctions.bib.eu\/index.php\/wp-json\/wp\/v2\/media?parent=1068"}],"wp:term":[{"taxonomy":"product_brand","embeddable":true,"href":"https:\/\/auctions.bib.eu\/index.php\/wp-json\/wp\/v2\/product_brand?post=1068"},{"taxonomy":"product_cat","embeddable":true,"href":"https:\/\/auctions.bib.eu\/index.php\/wp-json\/wp\/v2\/product_cat?post=1068"},{"taxonomy":"product_tag","embeddable":true,"href":"https:\/\/auctions.bib.eu\/index.php\/wp-json\/wp\/v2\/product_tag?post=1068"}],"curies":[{"name":"wp","href":"https:\/\/api.w.org\/{rel}","templated":true}]}}